{"id":177,"date":"2020-09-01T17:14:35","date_gmt":"2020-09-01T17:14:35","guid":{"rendered":"http:\/\/www.b-dent.com\/trgovina\/?post_type=product&#038;p=177"},"modified":"2025-03-12T10:30:35","modified_gmt":"2025-03-12T10:30:35","slug":"curaprox-black-is-white-hydrosonic","status":"publish","type":"product","link":"https:\/\/www.b-dent.com\/trgovina\/product\/curaprox-black-is-white-hydrosonic\/","title":{"rendered":"CURAPROX Black is White Hydrosonic"},"content":{"rendered":"<div id=\"collapse0\" class=\"in collapse show\" aria-expanded=\"true\" aria-labelledby=\"heading0\" data-parent=\"#accordion\">\n<div class=\"card-body\">\n<div id=\"product-description-short-272\"><\/div>\n<div class=\"product-description\">\n<p>&nbsp;<\/p>\n<p>Black is White Hydrosonic je rezultat posega zobozdravstva v oblikovanje. SONI\u010cNA ZOBNA \u0160\u010cETKA BLACK IS WHITE HYDROSONIC s kombinacijo vrhunskega oblikovanja in funkcionalnosti zagotavlja u\u010dinkovit na\u010din za ohranjanje zdravja in lepote va\u0161ega nasmeha. Z do 42000 gibi na minuto odstranjuje biofilm in zabarvanost, vendar je izjemno ne\u017ena do zob in dlesni:<\/p>\n<ul>\n<li>Oblikovana v mat \u010drni barvi, ki se ji ni mogo\u010de upreti<\/li>\n<li>Izbirajte nastavitve po ob\u010dutku samo z enim gumbom<\/li>\n<li>Trije na\u010dini: za\u010dnite z 22000, o\u010distite z 32000 in se nasmehnite z 42000 gibi na minuto<\/li>\n<li>Hidrodinami\u010dni u\u010dinek zagotavlja u\u010dinkovito \u010di\u0161\u010denje medzobnih prostorov<\/li>\n<\/ul>\n<p>Mo\u010d:<\/p>\n<ul>\n<li>Zmogljiva baterija: do dva tedna \u0161\u010detkanja zob po \u0161tiri minute na dan<\/li>\n<li>\u0160\u010detka je enako zmogljiva pri skoraj prazni in povsem polni bateriji<\/li>\n<li>Potovalni torbici je prilo\u017een posebej majhen polnilec<\/li>\n<\/ul>\n<p>Dodatne prednosti:<\/p>\n<ul>\n<li>Idealno za \u010di\u0161\u010denje okrog fiksnih ortodontskih aparatov, zobnih vsadkov, mosti\u010dkov in kron<\/li>\n<li>Zdru\u017eljivo z vsemi nastavki za elektri\u010dne zobne \u0161\u010detke CURAPROX<\/li>\n<\/ul>\n<p><strong><br \/>\nZ inovativnimi glavami \u0161\u010detk z aktivnim ogljikom<\/strong><\/p>\n<p>Ultra fina vlakna CUREN<sup>\u00ae<\/sup> novega nastavka so prevle\u010dena z delci aktivnega ogljika, kar zagotavlja ne\u017eno, a u\u010dinkovito beljenje zob.<\/p>\n<ul>\n<li>Odstranjuje razbarvanje, ne da bi po\u0161kodovala sklenino<\/li>\n<li>Zahvaljujo\u010d ergonomi\u010dnosti CURACURVE<sup>\u00ae<\/sup> je mogo\u010de lahko dose\u010di tudi te\u017eko dostopna mesta<\/li>\n<li>Vlakna, razporejena v obliki kapljice za optimalno \u010di\u0161\u010denje<\/li>\n<li>Podpira hidrodinami\u010dno \u010di\u0161\u010denje<\/li>\n<li>Garancija 2 leti<\/li>\n<li>Razvil strokovnjak za ustno zdravje, prof. Ulrich P. Saxer<\/li>\n<li>Proizvedeno v \u0160vici<\/li>\n<\/ul>\n<\/div>\n<\/div>\n<\/div>\n","protected":false},"excerpt":{"rendered":"<div id=\"product-description-short-272\">\n<p><strong>Ustno zdravje s slogom<\/strong><\/p>\n<\/div>\n<div class=\"product-description\">\n<p>Soni\u010dna zobna \u0161\u010detka Black is White Hydrosonic v mat \u010drni barvi. Nastavki Carbon prav tako \u010drni\u00a0in prevle\u010deni z delci aktivnega ogljika, ki zagotavlja ne\u017eno, a u\u010dinkovito odstranjevanje made\u017eev z zob.<\/p>\n<\/div>\n","protected":false},"featured_media":178,"comment_status":"open","ping_status":"closed","template":"","meta":{"spay_email":""},"yoast_head":"<!-- This site is optimized with the Yoast SEO plugin v14.8.1 - https:\/\/yoast.com\/wordpress\/plugins\/seo\/ -->\n<title>CURAPROX Black is White Hydrosonic | Bdent trgovina<\/title>\n<meta name=\"robots\" content=\"index, follow\" \/>\n<meta name=\"googlebot\" content=\"index, follow, max-snippet:-1, max-image-preview:large, max-video-preview:-1\" \/>\n<meta name=\"bingbot\" content=\"index, follow, max-snippet:-1, max-image-preview:large, max-video-preview:-1\" \/>\n<link rel=\"canonical\" href=\"http:\/\/www.b-dent.com\/trgovina\/product\/curaprox-black-is-white-hydrosonic\/\" \/>\n<meta property=\"og:locale\" content=\"sl_SI\" \/>\n<meta property=\"og:type\" content=\"article\" \/>\n<meta property=\"og:title\" content=\"Ustno zdravje s slogom\" \/>\n<meta property=\"og:description\" content=\"Soni\u010dna zobna \u0161\u010detka Black is White Hydrosonic v mat \u010drni barvi.\" \/>\n<meta property=\"og:url\" content=\"http:\/\/www.b-dent.com\/trgovina\/product\/curaprox-black-is-white-hydrosonic\/\" \/>\n<meta property=\"og:site_name\" content=\"Bdent trgovina\" \/>\n<meta property=\"article:publisher\" content=\"https:\/\/www.facebook.com\/BdentZobozdravstveneStoritve\/\" \/>\n<meta property=\"article:modified_time\" content=\"2025-03-12T10:30:35+00:00\" \/>\n<meta property=\"og:image\" content=\"https:\/\/www.b-dent.com\/trgovina\/wp-content\/uploads\/2020\/09\/blackiswhitescetka-1.png\" \/>\n\t<meta property=\"og:image:width\" content=\"640\" \/>\n\t<meta property=\"og:image:height\" content=\"400\" \/>\n<meta name=\"twitter:card\" content=\"summary_large_image\" \/>\n<script type=\"application\/ld+json\" class=\"yoast-schema-graph\">{\"@context\":\"https:\/\/schema.org\",\"@graph\":[{\"@type\":\"Organization\",\"@id\":\"https:\/\/www.b-dent.com\/trgovina\/#organization\",\"name\":\"Bdent trgovina\",\"url\":\"https:\/\/www.b-dent.com\/trgovina\/\",\"sameAs\":[\"https:\/\/www.facebook.com\/BdentZobozdravstveneStoritve\/\"],\"logo\":{\"@type\":\"ImageObject\",\"@id\":\"https:\/\/www.b-dent.com\/trgovina\/#logo\",\"inLanguage\":\"sl-SI\",\"url\":\"https:\/\/www.b-dent.com\/trgovina\/wp-content\/uploads\/2020\/06\/download.png\",\"width\":250,\"height\":90,\"caption\":\"Bdent trgovina\"},\"image\":{\"@id\":\"https:\/\/www.b-dent.com\/trgovina\/#logo\"}},{\"@type\":\"WebSite\",\"@id\":\"https:\/\/www.b-dent.com\/trgovina\/#website\",\"url\":\"https:\/\/www.b-dent.com\/trgovina\/\",\"name\":\"Bdent trgovina\",\"description\":\"\",\"publisher\":{\"@id\":\"https:\/\/www.b-dent.com\/trgovina\/#organization\"},\"potentialAction\":[{\"@type\":\"SearchAction\",\"target\":\"https:\/\/www.b-dent.com\/trgovina\/?s={search_term_string}\",\"query-input\":\"required name=search_term_string\"}],\"inLanguage\":\"sl-SI\"},{\"@type\":\"ImageObject\",\"@id\":\"http:\/\/www.b-dent.com\/trgovina\/product\/curaprox-black-is-white-hydrosonic\/#primaryimage\",\"inLanguage\":\"sl-SI\",\"url\":\"https:\/\/www.b-dent.com\/trgovina\/wp-content\/uploads\/2020\/09\/black-is-white-hydrosonic.jpg\",\"width\":540,\"height\":675},{\"@type\":\"WebPage\",\"@id\":\"http:\/\/www.b-dent.com\/trgovina\/product\/curaprox-black-is-white-hydrosonic\/#webpage\",\"url\":\"http:\/\/www.b-dent.com\/trgovina\/product\/curaprox-black-is-white-hydrosonic\/\",\"name\":\"CURAPROX Black is White Hydrosonic | Bdent trgovina\",\"isPartOf\":{\"@id\":\"https:\/\/www.b-dent.com\/trgovina\/#website\"},\"primaryImageOfPage\":{\"@id\":\"http:\/\/www.b-dent.com\/trgovina\/product\/curaprox-black-is-white-hydrosonic\/#primaryimage\"},\"datePublished\":\"2020-09-01T17:14:35+00:00\",\"dateModified\":\"2025-03-12T10:30:35+00:00\",\"inLanguage\":\"sl-SI\",\"potentialAction\":[{\"@type\":\"ReadAction\",\"target\":[\"http:\/\/www.b-dent.com\/trgovina\/product\/curaprox-black-is-white-hydrosonic\/\"]}]}]}<\/script>\n<!-- \/ Yoast SEO plugin. -->","_links":{"self":[{"href":"https:\/\/www.b-dent.com\/trgovina\/wp-json\/wp\/v2\/product\/177"}],"collection":[{"href":"https:\/\/www.b-dent.com\/trgovina\/wp-json\/wp\/v2\/product"}],"about":[{"href":"https:\/\/www.b-dent.com\/trgovina\/wp-json\/wp\/v2\/types\/product"}],"replies":[{"embeddable":true,"href":"https:\/\/www.b-dent.com\/trgovina\/wp-json\/wp\/v2\/comments?post=177"}],"wp:featuredmedia":[{"embeddable":true,"href":"https:\/\/www.b-dent.com\/trgovina\/wp-json\/wp\/v2\/media\/178"}],"wp:attachment":[{"href":"https:\/\/www.b-dent.com\/trgovina\/wp-json\/wp\/v2\/media?parent=177"}],"curies":[{"name":"wp","href":"https:\/\/api.w.org\/{rel}","templated":true}]}}