{"id":254,"date":"2021-09-02T14:43:53","date_gmt":"2021-09-02T14:43:53","guid":{"rendered":"http:\/\/www.b-dent.com\/trgovina\/?post_type=product&#038;p=254"},"modified":"2021-09-07T08:36:17","modified_gmt":"2021-09-07T08:36:17","slug":"uhani-iz-cirkonija","status":"publish","type":"product","link":"https:\/\/www.b-dent.com\/trgovina\/product\/uhani-iz-cirkonija\/","title":{"rendered":"Uhani iz cirkonija"},"content":{"rendered":"<p>So unikatni, ro\u010dno izdelani uhani iz cirkonija. So lahki za no\u0161enje, vendar trdni (Kljub temu previdnost ni odve\u010d). Material daje ob\u010dutek gracilnosti, saj skozi proseva svetloba.<\/p>\n<p>Primerni so tudi za malce bolj ob\u010dutljva u\u0161esa, saj so pritrjeni na medicinski osnovi.<\/p>\n<p>Velikost\u00a0 je:15 mm x 15 mm<\/p>\n<p>16mm x 10 mm<\/p>\n","protected":false},"excerpt":{"rendered":"<p>So unikatni, ro\u010dno izdelani uhani iz cirkonija. So lahki za no\u0161enje, vendar trdni (Kljub temu previdnost ni odve\u010d). Material daje ob\u010dutek gracilnosti, saj skozi proseva svetloba. Primerni so tudi za malce bolj ob\u010dutljva u\u0161esa, saj so pritrjeni na medicinski osnovi. Velikost\u00a0 je:15 mm x 15 mm 16mm x 10 mm<\/p>\n","protected":false},"featured_media":257,"comment_status":"open","ping_status":"closed","template":"","meta":{"spay_email":""},"yoast_head":"<!-- This site is optimized with the Yoast SEO plugin v14.8.1 - https:\/\/yoast.com\/wordpress\/plugins\/seo\/ -->\n<title>Uhani iz cirkonija | Bdent trgovina<\/title>\n<meta name=\"description\" content=\"So unikatni, ro\u010dno narejeni uhan\u010dki iz cirkonija. Primerni za malce bolj ob\u010dutljva u\u0161esa, saj so pritrjeni na medicinski osnovi. Velikost marjetic je cca\" \/>\n<meta name=\"robots\" content=\"index, follow\" \/>\n<meta name=\"googlebot\" content=\"index, follow, max-snippet:-1, max-image-preview:large, max-video-preview:-1\" \/>\n<meta name=\"bingbot\" content=\"index, follow, max-snippet:-1, max-image-preview:large, max-video-preview:-1\" \/>\n<link rel=\"canonical\" href=\"http:\/\/www.b-dent.com\/trgovina\/product\/uhani-iz-cirkonija\/\" \/>\n<meta property=\"og:locale\" content=\"sl_SI\" \/>\n<meta property=\"og:type\" content=\"article\" \/>\n<meta property=\"og:title\" content=\"Uhani iz cirkonija | Bdent trgovina\" \/>\n<meta property=\"og:description\" content=\"So unikatni, ro\u010dno narejeni uhan\u010dki iz cirkonija. Primerni za malce bolj ob\u010dutljva u\u0161esa, saj so pritrjeni na medicinski osnovi. Velikost marjetic je cca\" \/>\n<meta property=\"og:url\" content=\"http:\/\/www.b-dent.com\/trgovina\/product\/uhani-iz-cirkonija\/\" \/>\n<meta property=\"og:site_name\" content=\"Bdent trgovina\" \/>\n<meta property=\"article:publisher\" content=\"https:\/\/www.facebook.com\/BdentZobozdravstveneStoritve\/\" \/>\n<meta property=\"article:modified_time\" content=\"2021-09-07T08:36:17+00:00\" \/>\n<meta property=\"og:image\" content=\"https:\/\/www.b-dent.com\/trgovina\/wp-content\/uploads\/2021\/09\/marjetice-scaled.jpg\" \/>\n\t<meta property=\"og:image:width\" content=\"1707\" \/>\n\t<meta property=\"og:image:height\" content=\"2560\" \/>\n<meta name=\"twitter:card\" content=\"summary_large_image\" \/>\n<script type=\"application\/ld+json\" class=\"yoast-schema-graph\">{\"@context\":\"https:\/\/schema.org\",\"@graph\":[{\"@type\":\"Organization\",\"@id\":\"https:\/\/www.b-dent.com\/trgovina\/#organization\",\"name\":\"Bdent trgovina\",\"url\":\"https:\/\/www.b-dent.com\/trgovina\/\",\"sameAs\":[\"https:\/\/www.facebook.com\/BdentZobozdravstveneStoritve\/\"],\"logo\":{\"@type\":\"ImageObject\",\"@id\":\"https:\/\/www.b-dent.com\/trgovina\/#logo\",\"inLanguage\":\"sl-SI\",\"url\":\"https:\/\/www.b-dent.com\/trgovina\/wp-content\/uploads\/2020\/06\/download.png\",\"width\":250,\"height\":90,\"caption\":\"Bdent trgovina\"},\"image\":{\"@id\":\"https:\/\/www.b-dent.com\/trgovina\/#logo\"}},{\"@type\":\"WebSite\",\"@id\":\"https:\/\/www.b-dent.com\/trgovina\/#website\",\"url\":\"https:\/\/www.b-dent.com\/trgovina\/\",\"name\":\"Bdent trgovina\",\"description\":\"\",\"publisher\":{\"@id\":\"https:\/\/www.b-dent.com\/trgovina\/#organization\"},\"potentialAction\":[{\"@type\":\"SearchAction\",\"target\":\"https:\/\/www.b-dent.com\/trgovina\/?s={search_term_string}\",\"query-input\":\"required name=search_term_string\"}],\"inLanguage\":\"sl-SI\"},{\"@type\":\"ImageObject\",\"@id\":\"http:\/\/www.b-dent.com\/trgovina\/product\/uhani-iz-cirkonija\/#primaryimage\",\"inLanguage\":\"sl-SI\",\"url\":\"https:\/\/www.b-dent.com\/trgovina\/wp-content\/uploads\/2021\/09\/marjetice-scaled.jpg\",\"width\":1707,\"height\":2560},{\"@type\":\"WebPage\",\"@id\":\"http:\/\/www.b-dent.com\/trgovina\/product\/uhani-iz-cirkonija\/#webpage\",\"url\":\"http:\/\/www.b-dent.com\/trgovina\/product\/uhani-iz-cirkonija\/\",\"name\":\"Uhani iz cirkonija | Bdent trgovina\",\"isPartOf\":{\"@id\":\"https:\/\/www.b-dent.com\/trgovina\/#website\"},\"primaryImageOfPage\":{\"@id\":\"http:\/\/www.b-dent.com\/trgovina\/product\/uhani-iz-cirkonija\/#primaryimage\"},\"datePublished\":\"2021-09-02T14:43:53+00:00\",\"dateModified\":\"2021-09-07T08:36:17+00:00\",\"description\":\"So unikatni, ro\\u010dno narejeni uhan\\u010dki iz cirkonija. Primerni za malce bolj ob\\u010dutljva u\\u0161esa, saj so pritrjeni na medicinski osnovi. Velikost marjetic je cca\",\"inLanguage\":\"sl-SI\",\"potentialAction\":[{\"@type\":\"ReadAction\",\"target\":[\"http:\/\/www.b-dent.com\/trgovina\/product\/uhani-iz-cirkonija\/\"]}]}]}<\/script>\n<!-- \/ Yoast SEO plugin. -->","_links":{"self":[{"href":"https:\/\/www.b-dent.com\/trgovina\/wp-json\/wp\/v2\/product\/254"}],"collection":[{"href":"https:\/\/www.b-dent.com\/trgovina\/wp-json\/wp\/v2\/product"}],"about":[{"href":"https:\/\/www.b-dent.com\/trgovina\/wp-json\/wp\/v2\/types\/product"}],"replies":[{"embeddable":true,"href":"https:\/\/www.b-dent.com\/trgovina\/wp-json\/wp\/v2\/comments?post=254"}],"wp:featuredmedia":[{"embeddable":true,"href":"https:\/\/www.b-dent.com\/trgovina\/wp-json\/wp\/v2\/media\/257"}],"wp:attachment":[{"href":"https:\/\/www.b-dent.com\/trgovina\/wp-json\/wp\/v2\/media?parent=254"}],"curies":[{"name":"wp","href":"https:\/\/api.w.org\/{rel}","templated":true}]}}